uppose -4 = -2*s - x*s. Suppose -s + 7 = 3*v. What are the prime factors of v?
2
Let q be -1 + 11 + 1 + -4. Suppose -q*l + 2*n + 204 = -3*l, -5*n = 10. What are the prime factors of l?
2, 5
Suppose 5*w - 33 + 18 = 0. What are the prime factors of w?
3
Let s = -56 - -33. Let p = 50 + s. List the prime factors of p.
3
Let k = 12 - 9. Suppose -5*t = k*g - 75, -19 = -t + g - 4. What are the prime factors of t?
3, 5
Suppose z - 6 = -w - 0, -w + 22 = 5*z. What are the prime factors of z?
2
Let l be (3/(-1))/((-6)/4). Suppose 3*s - l*s - 4 = 0. Suppose -h = -6*h - s*m + 28, -h - 2*m = -2. What are the prime factors of h?
2
Let b(r) = -r**2 + 31*r - 22. What are the prime factors of b(14)?
2, 3
Let p be 1 + -1*(0 - 0). Let u(l) = 0*l**3 - 2*l**2 - l + l + p - l**3 + l. What are the prime factors of u(-3)?
7
Let y = -755 - -1074. List the prime factors of y.
11, 29
Let m = 49 + 10. What are the prime factors of m?
59
Suppose 2*f - y - 14 = 0, y - 2*y - 29 = -5*f. Suppose f*b - 120 = j, 2*j + 2*j = 4*b - 96. What are the prime factors of b?
2, 3
Let q be 0/(-5 - -3) - -23. Let n = q + -3. Suppose -6*g + 3*g + n = -4*a, 4*a - 12 = -g. List the prime factors of g.
2
Suppose -2*x - 5 = 3. Let s = -1 - x. Let k = 5 - s. List the prime factors of k.
2
Let h = 3 + -3. Suppose h = j + g - 1, g + 0*g - 4 = -2*j. Suppose -2*a = l + j*a - 20, -4*a + 8 = 0. What are the prime factors of l?
2, 5
Let x = 8 + -14. List the prime factors of (2 + 21/x)*-2.
3
Suppose 131 = 4*l - 101. What are the prime factors of l?
2, 29
Suppose 3*v + 15 = 6*v. Let q(o) = -2*o - 4. Let d be q(-4). Suppose d*m = -v*p - 13, -2*p + 0*p + 5 = 5*m. What are the prime factors of m?
3
Let m(a) = 4*a**2 - 4 - a - 3*a**2 - 5*a**3 + 0. Let v(l) = -6*l**3 - 3. Let i(o) = 2*m(o) - 3*v(o). What are the prime factors of i(1)?
3
Let n(b) be the third derivative of b**5/60 + b**4/24 - 7*b**3/6 + 6*b**2. List the prime factors of n(5).
23
Suppose j - 5 - 7 = 0. Let i be (-1)/(3 - 39/j). Suppose c - i = -c - 5*g, -2 = -c - g. List the prime factors of c.
2
Let c = 205 - 45. What are the prime factors of c?
2, 5
Let q be -6 + 3 + -2 + 3. Let r(o) = -5*o. What are the prime factors of r(q)?
2, 5
Let z(s) = -2*s + 12. Let v(x) = -x + 6. Let l(w) = 9*v(w) - 4*z(w). List the prime factors of l(-7).
13
Let i(y) = 2*y + 1. Let j be i(-3). Suppose 3*k - 2*d = -1, 4 = 4*k - 4*d + 8. Let q = k - j. List the prime factors of q.
2, 3
Let d be -9*-21*4/(-9). Let z = 6 - d. What are the prime factors of ((-2)/6)/((-3)/z)?
2, 5
Suppose -6 = z - 36. List the prime factors of z.
2, 3, 5
Let x = 5 - -3. Let h(d) = d**2 - 8*d + 4. What are the prime factors of h(x)?
2
Let f = -9 - -14. List the prime factors of f/25 + (-308)/(-10).
31
Suppose 0*y = -5*y + 10. Suppose 2*q - 1 + 7 = 0, -p = y*q - 7. List the prime factors of p.
13
Suppose 5*x + 4*h - 249 = 0, -5*x + 2*h - 3*h + 261 = 0. List the prime factors of x.
53
Let g(t) = t**3 - 4*t**2 - 10*t + 6. What are the prime factors of g(7)?
83
Let f be -6 + 7 + 32 + 1. Let v = f - 18. List the prime factors of v.
2
Suppose 0 = -2*u + 2*i, -3 + 1 = -i. Let z be u*(-3 + 0) + 3. List the prime factors of z + -2 + (-13)/(-1).
2
Let m = 8 - 3. Suppose 5*k = -0 + m. Suppose 3*i - k - 20 = 0. List the prime factors of i.
7
What are the prime factors of 1071/7 - (2 - -3)?
2, 37
Let y(a) = a + 6. Let c be y(6). What are the prime factors of 532/c + (-2)/(-3)?
3, 5
Let b(d) be the first derivative of 7*d**2 + 1. List the prime factors of b(1).
2, 7
Let g(l) = -l**3 - 7*l + 3*l + l**2 + 6 + 5*l. Suppose k = 2*k + 4*h, -k - 5*h = 0. What are the prime factors of g(k)?
2, 3
What are the prime factors of (-821)/(-4) - 3 - (-6)/8?
7, 29
Let u(z) = z**3 - 6*z**2 - z + 5. Let m be u(6). Let y = m + 16. List the prime factors of y.
3, 5
Let y = -49 + 84. Suppose -2*p + 0*j + y = 5*j, 2*j = 3*p - 24. What are the prime factors of 4/p*10/2?
2
Let v(g) = -g**2 + 6*g - 9. Let t(a) = a - 1. Let h(y) = 4*t(y) - v(y). List the prime factors of h(4).
13
Let q = 15 + -27. Let r(s) = -s - 2. What are the prime factors of r(q)?
2, 5
Let u(y) = -y**3 - 2*y + 7. List the prime factors of u(0).
7
Let i(l) = -l**3 - l**2 + l + 51. What are the prime factors of i(0)?
3, 17
Let x = 14 + -12. Suppose -x*r = 4*o - 108, 5*o - o + 5*r = 108. What are the prime factors of o?
3
Suppose 3*k + 5 = -5*p, 3*k + 2*p - 5 - 2 = 0. Let v = 4 - 4. Suppose v + 10 = k*n. What are the prime factors of n?
2
Let d(v) = 2*v + 7. Let s(i) = -i + 1. Let h(f) = d(f) + s(f). Suppose 0 = 2*o + 14 - 2. What are the prime factors of h(o)?
2
Let s = 289 + -172. List the prime factors of s.
3, 13
Let s(z) be the second derivative of -7*z**3/6 - z**2 - 3*z. What are the prime factors of s(-2)?
2, 3
Suppose 105 = 5*p + 3*d - 8*d, 0 = -5*p + d + 121. List the prime factors of p.
5
Let b(c) = -3*c + 13. Let a(f) = -3 + 20 - 4*f - 3. Let s(g) = -4*a(g) + 5*b(g). What are the prime factors of s(0)?
3
Let r = 17 + -8. Let l = -4 + r. List the prime factors of l.
5
Suppose 0 = 2*d - 4*d + 6. Suppose h - 36 = -d*h. List the prime factors of h.
3
Let y(h) = 4 + 0*h - 3*h - 4*h + 3*h. What are the prime factors of y(-10)?
2, 11
Let p(x) = -4*x + 2*x**2 + 4*x. Let d be p(1). Let f = 5 + d. List the prime factors of f.
7
Suppose -2*j - 7*q = -2*q + 15, 15 = 3*j - 5*q. Suppose -x + 5 + j = 0. List the prime factors of x.
5
Let u(z) = 3*z**2 - z + 4. Let q = 2 - 5. What are the prime factors of u(q)?
2, 17
Let v be 2 + 6 + 1 - -2. Let d be (2 + -1)*(v - 0). Let t = d - 1. What are the prime factors of t?
2, 5
Let k be ((-12)/30)/((-1)/15). Let h(b) = 1. Let x(a) = -a**2 + a - 6. Let y(z) = k*h(z) - x(z). What are the prime factors of y(0)?
2, 3
Let x(h) = h**2 - 4*h - 8. List the prime factors of x(-6).
2, 13
Let p be -4*(-3 - 0)/3. Suppose 2*o - 22 = -o + u, -5*u = p*o - 42. List the prime factors of o.
2
Let s be (3/(-6))/((-2)/28). Suppose 0 = 2*t + o - s, 5*o - 4*o + 1 = 0. List the prime factors of 14/t*(-2)/(-1).
7
List the prime factors of ((-21)/42)/((-1)/14).
7
Suppose -n - 63 = -2*n. Suppose p + 2*p - n = 0. List the prime factors of p.
3, 7
Let t be (-33)/(-22)*(-4)/(-3). Suppose t*i - 5 = 3*a, -3*a - 1 = 4*i - 2. List the prime factors of (-3)/(a*1/4).
2, 3
Let x(y) = 5*y - 21. What are the prime factors of x(6)?
3
Let q(j) = -j**2 - 13*j + 16. Let x be q(-14). Let r(v) = 0*v - 2*v**3 - 11*v**3 - 2*v**3 - 2*v - 1 - 2*v**x. List the prime factors of r(-1).
2, 7
Let p = 12 - 9. Suppose 23 = 4*f - 4*w - 21, 0 = -p*w + 6. List the prime factors of f.
13
Suppose -2*o = 5*r - 0*o - 350, -5*r + 4*o = -380. Suppose 0 = -2*q + 5*q - r. Suppose -f = f - q. List the prime factors of f.
2, 3
Suppose 2*s - 4*z = -3*s + 31, z + 19 = 5*s. List the prime factors of s.
3
Suppose 0*m - 3*w + 378 = 5*m, 4*m - w = 316. What are the prime factors of m?
2, 3, 13
Suppose 2*j - 75 = -5*c, 2*c - 121 = -3*j + 3*c. List the prime factors of j.
2, 5
List the prime factors of ((-9)/18)/(2/(-276)).
3, 23
Suppose -l - 124 = -2*n, 0*l - 2*l + 240 = 4*n. Suppose 3*x - n - 32 = 0. List the prime factors of x.
31
Let j = 625 + -343. What are the prime factors of j?
2, 3, 47
Let y be 56/10 - 15/25. Suppose 0 = -0*u + y*u - 135. What are the prime factors of u?
3
Suppose -4 = -5*d + 4*d. Suppose -5*w - d = -29. Suppose 7 = w*y - 18. List the prime factors of y.
5
Suppose -4*u - 2*l + 122 = 0, 5*u + l - 187 = -27. List the prime factors of u.
3, 11
Let d be (3/(-2))/((-18)/24). Suppose 4*h = -16, d*x = 7*x + 4*h - 94. What are the prime factors of x?
2, 11
Suppose 3*y + 3*v - 30 = 0, 0 = y - 0*y - 4*v - 10. Suppose 4*a + y = 9*a. Suppose -a*q + 19 = 3*t - 7, -t + 2*q + 14 = 0. List the prime factors of t.
2, 5
Suppose -2*v - 49 = 9. Let r = v - -59. What are the prime factors of r?
2, 3, 5
Let v(s) = -7 - 8*s + 5*s + s**2 + 5*s. What are the prime factors of v(-6)?
17
Let v be (-4)/(-8) - (-11)/2. Let g(s) = -s**2 + 7*s + 6. List the prime factors of g(v).
2, 3
Let n(b) = -b + 1. Suppose 4*m - 30 = -8*r + 3*r, 2*r + 16 = 4*m. Let s be n(r). What are the prime factors of (18/s)/(3/(-2))?
2, 3
Suppose 47 - 303 = -2*a. What are the prime factors of a?
2
Let x(d) = -d**2 + 9*d + 14. Let f be x(10). Suppose 18 = -3*s - 3*k, f*s + k - 2 = -11. What are the prime factors of ((-11)